(a) = -23*a - 143. Let l be t(-9). What is the remainder when 62 - l - (1 - 34) is divided by 11?
9
Let w(u) be the first derivative of -u**3/3 - 11*u**2/2 - 16*u + 32. Calculate the remainder when 2/(-8) - (-375)/12 is divided by w(-8).
7
Suppose -224 = 3*h - 323. Suppose h*p - 91 = 20*p. Let n(c) = -c**3 + 6*c**2 + 9*c - 7. What is the remainder when p is divided by n(7)?
0
Suppose 3*t + 10142 = 10*c, -c - t = t - 1005. Calculate the remainder when 1021 is divided by c.
8
Suppose w - 24 = -3*n + 5*n, 4 = -2*n. What is the remainder when (-36)/(-54)*(2 + 165 + 1) is divided by w?
12
Calculate the remainder when ((-390)/(-91))/(5 - (-209)/(-42)) is divided by 173.
7
Calculate the remainder when 5371 is divided by (-11*(-8)/88)/(9/1152).
123
Let v(d) = -d**2 + 69*d - 1099. Calculate the remainder when 162 is divided by v(40).
40
Let h(n) = -2*n - 4. Suppose 10 + 6 = 4*s. Let y be h(s). Let u = 24 + y. What is the remainder when u is divided by 7?
5
Let w(g) = 6*g + 9*g**2 + 30 - 61 + 36. Calculate the remainder when w(-1) is divided by 4.
0
Let k be (4 - 1) + -7 + 836. Suppose -k = 57*r - 70*r. What is the remainder when 188 is divided by r?
60
Suppose -332 - 623 = -5*d. Suppose 18*z + d = 587. Calculate the remainder when z is divided by 3.
1
Let x(o) = -89*o - 47. Let l be x(3). Let m = l - -325. Calculate the remainder when 51 is divided by m.
7
Suppose -13303*b - 12388 = -13629*b. What is the remainder when 1 - 0 - -109*1 is divided by b?
34
Suppose -3*x - 1069 + 1207 = 0. Calculate the remainder when 779 is divided by x.
43
Suppose 81 + 458 = 11*k. Calculate the remainder when 107 is divided by k.
9
Let c = -138 - -334. Suppose -5*u = -10, -c = -2*s - 3*s - 3*u. Calculate the remainder when 75 is divided by s.
37
Suppose 2*z - 8 = 0, 0 = -2*q - 2*z + 63 - 13. Let c be (q/(-6))/((-2)/(-20)). Let w = c - -48. Calculate the remainder when w is divided by 3.
1
Suppose 41*o = -7*o + 336. Suppose 5*y - 107 = 128. What is the remainder when y is divided by o?
5
Let z be (12/(-10))/(-4 - 18/(-5)). Suppose 3*y - 182 = -5*a, 4*a - 2*y - 26 = z*a. Calculate the remainder when a is divided by 16.
2
Let p(f) = 26*f - 24. Let u be p(3). What is the remainder when 3 + u/(-9) + 72 is divided by 38?
31
Let b(a) = -55*a - 320. Let o(c) = 134*c**3 - 135*c**3 + 11*c**2 - 6 + 4*c - c. Calculate the remainder when o(11) is divided by b(-6).
7
Let y(t) = -2*t**2 + 16*t + 7. Let i be 4/(9/((-198)/(-8))). Suppose 5*p - g - 33 = 0, -p = -0*p + 2*g - i. Calculate the remainder when 81 is divided by y(p).
18
Suppose 23*g + 31*g = 36110 + 5416. Calculate the remainder when g is divided by 64.
1
Let l = -20 - -42. What is the remainder when 263 is divided by (l/(-2))/(9/(-18))?
21
Suppose 0 = -5*b, 27*z + 267 = 28*z - 2*b. Let d = 396 - z. Calculate the remainder when d is divided by 35.
24
Calculate the remainder when 648 is divided by (-213)/6*3*(-5 + 3).
9
Let w = -18267 + 18313. Calculate the remainder when 9749 is divided by w.
43
Let r(q) = 5*q - 6. Suppose 0 = 3*v - 2*o - 158, -2*o + 151 = 4*v - 27. Calculate the remainder when v is divided by r(4).
6
Suppose 0 = -3*m + 108 - 84. Calculate the remainder when 326 is divided by m.
6
Let g(h) = -3*h**3 - 3*h**2 + 2*h - 22. Let v be (-3)/9 - 238/51. Calculate the remainder when g(v) is divided by 9.
7
What is the remainder when -618*((-11)/22)/(-6 + 2 + 5) is divided by 32?
21
Let g(b) be the first derivative of -2*b**3/3 - 5*b + 12. Let s be g(-4). Let u = s - -71. Calculate the remainder when u is divided by 12.
10
Suppose 3*d + 3*z + 225 = 0, 2*d - 4*d + 2*z = 170. What is the remainder when 85 is divided by ((-6)/15*-2)/((-4)/d)?
5
Suppose 3*h - 20 - 40 = 0. Calculate the remainder when (-3)/(12/(-470)) + (-2073)/(-1382) is divided by h.
19
Suppose -5*m = -3*z - 418 - 2930, m - 688 = -4*z. Suppose 0*i = 32*i - m. What is the remainder when 26 is divided by i?
5
Suppose -3*z + 3*k = -867, -2*z + k + 583 = -0*z. Suppose -y + z = 95. What is the remainder when y is divided by 50?
49
Suppose 258*o - 252*o + 492 = 0. Let u = -75 - o. Calculate the remainder when 39 is divided by u.
4
Calculate the remainder when (-2454)/(-2) - (-36)/(-36) is divided by 4.
2
Suppose -5*q = 4*l - 883 + 22, -7*q - 4*l = -1199. Calculate the remainder when 347 is divided by q.
9
Suppose 2*h + j = 26, 5*j + 29 = 4*h - 23. Calculate the remainder when 738 is divided by h.
10
Suppose h = -h + 6. Let s be 23 - (-3 + 12/h). Suppose 0 = 2*v - 2*k - s, 4*k - 33 = -3*v - k. Calculate the remainder when 32 is divided by v.
10
Suppose i - 25 = -z - 4, -3*i + z = -35. Calculate the remainder when 1593 is divided by i.
11
Let v(j) = 5*j**2 + 34*j + 3. Let u be v(-7). Calculate the remainder when 137 is divided by 4/u*(-920)/(-16).
22
Let t = -205 + 228. Suppose 0 = -t*v + 25*v - 114. Calculate the remainder when v is divided by 20.
17
Suppose 0 = 48*i - 53*i + 15. Suppose 48 - 57 = -i*j. Suppose 0 = -j*f + 5*f - 46. What is the remainder when 86 is divided by f?
17
Let v(w) = -w**2 + 21*w + 7. What is the remainder when 699 is divided by v(12)?
9
Let a(w) = 21*w + 1. Suppose q - 391 = -t, 3*t = -0*q - q + 391. Calculate the remainder when ((-3)/4)/(q/56 - 7) is divided by a(1).
20
What is the remainder when 13 + 3 + (1395 - 19) is divided by 44?
28
Calculate the remainder when (3 + 116)*36/36 is divided by 5.
4
Let q(n) = 647*n + 44787. Let o(c) = 23*c - 2. Calculate the remainder when q(-69) is divided by o(2).
12
Let z = 3483 - 3468. Calculate the remainder when 232 is divided by z.
7
Suppose -s + 287 = 3*d, 5*d + 2*s = 358 + 121. Calculate the remainder when 302 is divided by d.
17
Suppose -11*u + 6 = -14*u. Calculate the remainder when u/(-2*(-2)/(-44)) is divided by 7.
1
Let k(p) be the second derivative of -p**4/12 + 3*p**3/2 + 3*p**2/2 + 3*p. Calculate the remainder when (-293)/(-1172) - 71/(-4) is divided by k(8).
7
Let d = 94 + -65. Suppose 4*s - 613 = -109. Calculate the remainder when d is divided by (-1 + 39/(-9))/((-84)/s).
5
Suppose 0 = 4*w - 5*d - 679 - 2169, -3*w = 3*d - 2109. Calculate the remainder when w is divided by 36.
23
Let h(f) = -f**2 + 57. Let w be h(0). Let j(r) = -7*r**2 - 548*r - 189. Let m be j(-78). Let n = m + w. Calculate the remainder when 69 is divided by n.
21
Suppose 4*t - 49 = 83. Let u = -19620 + 19639. Calculate the remainder when t is divided by u.
14
Calculate the remainder when (-1 + (-8)/(-3))*152760/1900 is divided by 6.
2
Let g be 34/6 - (-5)/((-30)/4). Suppose g*h + 5*j - 48 = 2*j, -2*h + j + 28 = 0. Suppose 0 = o - h. Calculate the remainder when o is divided by 5.
2
Let r = -16175 + 16672. Calculate the remainder when r is divided by 456.
41
Let y = -31 - -23. Let u be (1/2*-2 - -2) + y. Let x = u - -21. What is the remainder when 25 is divided by x?
11
Let d(r) = -2*r**2 + 73*r - 504. What is the remainder when d(26) is divided by 5?
2
Suppose -2*v - 57231 = -3*n, -5*n + 2*v - 27277 = -122666. What is the remainder when n is divided by 47?
44
Let s = -120 + 123. Let n(o) = o - 31. Let l be n(-13). What is the remainder when -1*(l/(-6))/(9/(-27)) is divided by s?
1
Let o(k) = -4*k**2 - 2*k + 6*k**2 + 0*k. Let t be o(1). Suppose n - 12*n + 220 = t. Calculate the remainder when n is divided by 12.
8
Suppose h = -5*d + 31, 5*h = 10 + 20. Calculate the remainder when 42 is divided by d.
2
Let k = 27227 + -27161. Calculate the remainder when 1148 is divided by k.
26
Suppose 2*l - 80*s - 324 = -79*s, 0 = -3*l - 3*s + 477. Calculate the remainder when 8049 is divided by l.
160
Suppose -2*r = -5*r - 12, r = 2*u - 4. Suppose 4*m = -u*o + 2*o - 44, o + 2*m = 10. Suppose -5*h - 194 = -509. What is the remainder when h is divided by o?
15
Suppose d + u + 0*u = 0, 2*u + 3 = -d. Let m(j) = 62*j + 188. Let n be m(-3). Suppose n*w = -d*w + 90. Calculate the remainder when w is divided by 10.
8
Let k(x) = 8*x**2 + 13*x + 27. Suppose 0 = -4*p - t + 7, -p + 12*t - 9*t + 5 = 0. Calculate the remainder when k(-3) is divided by p.
0
Suppose 4*f - 9 - 7 = 0. Let t(r) = 3800 + 12*r - 3845 + 3*r. Calculate the remainder when t(4) is divided by f.
3
Let y = -155685 - -155857. What is the remainder when y is divided by 23 + 1 + 0 + -1?
11
Let c be ((-3)/2)/((10/(-5))/(-24)). Let l = c - -111. Let g = l + -85. Calculate th